 116 + 20. Suppose 4*p = -3*f + x, -216 = -f - 4*f + 4*p. Suppose 340 = 4*d + f. What is the tens digit of d?
7
Suppose -2*w + 50 - 2 = 0. Let m = -18 + w. What is the units digit of ((-14)/m)/((-1)/6)?
4
Let x = -17 - -15. Let i be 3/x*(-32)/(-3). Let k = i + 17. What is the units digit of k?
1
Let m(a) = -a**2 - 10*a + 7. Let x(j) = -2*j**2 - 21*j + 12. Let v(d) = 5*m(d) - 3*x(d). What is the tens digit of v(-21)?
6
Let v be 4/(-10) + 216/40. Let b be 2/v + (-5136)/(-60). Suppose 0 = q + m - 22, m + b - 16 = 3*q. What is the tens digit of q?
2
Let l(y) = -3*y**3 - y**2 - y - 1. Let r be l(-1). Let h = r + -4. What is the units digit of (-10)/5 + (-46)/h?
1
Let m(u) = 11*u + 7. Let h be m(9). Let i = -99 + h. What is the units digit of i?
7
Suppose -3*z - 15 = -6*z. Let s(u) be the first derivative of -u**4/4 + 4*u**3/3 + 7*u**2/2 + u + 1. What is the units digit of s(z)?
1
Let c be (4 - -3)*60/14. Let j = 38 + c. Suppose -3*b + i + 130 = b, 0 = -2*b - i + j. What is the units digit of b?
3
Let g(v) = v**2 + 21*v + 28. What is the units digit of g(12)?
4
Let x = 1261 - 580. What is the hundreds digit of x?
6
Suppose -5*k = -250 - 100. Suppose -k = -5*u - 3*a, 2*u = 3*a + 9 + 19. Let t = 16 + u. What is the units digit of t?
0
Let t be ((-6)/(-1))/(1 - 82/88). Suppose -2*v = -6*v + t. What is the tens digit of v?
2
Suppose 5*b + 2*t - 3045 = t, -5 = -t. What is the hundreds digit of b?
6
Let w(z) = 535*z**2 - 34*z - 79. What is the tens digit of w(-3)?
3
Let l = 430 + -343. What is the tens digit of l?
8
Let s(r) = -r**3 + 3*r**2 + 6*r - 7. Let n be s(5). Let l = -5 - n. Suppose -m + 4*b - 5*b = -l, 0 = 4*b + 4. What is the tens digit of m?
2
Let y(f) = -4*f**2 + 4*f**2 - 2*f**2 - f**3 - 9*f - 4*f**2. What is the hundreds digit of y(-7)?
1
What is the tens digit of (-30495)/(-20) - ((-3)/(-3))/(-4)?
2
Let b(y) = 3*y + y**2 - 10 - 6 - 5 + 16. What is the units digit of b(-11)?
3
Suppose 29*b - 27*b = 6. Suppose 0 = 5*l + 3*q - 174, b*q = -2*l - 2*l + 138. What is the units digit of l?
6
Let o be (-9)/15 + 4/(-10). Let m be (0 + 2*-2)/o. Suppose -17 = -m*l + 3. What is the units digit of l?
5
Let x(l) be the first derivative of 33*l**2/2 + 8*l + 6. Let s be x(4). Suppose -2*h - j + 56 = 0, 3*j = 5*h + 11 - s. What is the units digit of h?
7
Suppose -2*j = -4*s + 5338, 0 = -s - 8*j + 9*j + 1336. What is the units digit of s?
3
Let y = 2474 + -1306. What is the units digit of y?
8
Suppose -23*r - 3990 = -30*r. What is the hundreds digit of r?
5
Suppose -321 = -2*g + l - 4*l, g = 4*l + 155. What is the hundreds digit of g?
1
Let o(z) = -z - 2. Let i be o(-4). Suppose -i*d + d = -12. Suppose -p + 44 = v, 0*v + d = 3*v. What is the tens digit of p?
4
Let t(k) = 14 + 6*k - k**2 + 3*k**2 + 3*k + 6*k. What is the units digit of t(-9)?
1
Suppose -3*r - 2*q + 14785 = 0, 209*r + 14779 = 212*r - q. What is the hundreds digit of r?
9
Let o be (3/2)/(15/20). Suppose -6 = -3*z, 4*k - 8 = -o*z - 0. What is the tens digit of -2*18*k/(-2)?
1
Let f(y) = -y**3 + 20*y**2 + 13*y - 36. What is the tens digit of f(16)?
9
Suppose 52*w - 81148 = 2156. What is the thousands digit of w?
1
What is the thousands digit of 1893 - 12/12*-5?
1
Let k = 260 - 156. What is the tens digit of (k/(-6))/(3/(-9))?
5
Suppose -w - 17 + 64 = -3*b, 9 = -b - w. Let u = -14 - b. What is the units digit of -1 + 24 + (3 - u)?
6
Let i be (8/(-10))/(2/10). Let a(h) = h**2. Let l(g) = -6*g**2 - 2*g - 4. Let j(p) = -5*a(p) - l(p). What is the units digit of j(i)?
2
Suppose 5*k - k + 12 = 3*w, 0 = 5*w - k - 20. Suppose 87 = w*h + 79. What is the units digit of h?
2
Let r = 2219 + -1243. What is the hundreds digit of r?
9
Let y(x) = 3*x**2 - 51*x + 12. Let a be (-7 + 4)/(1/(-7)). What is the hundreds digit of y(a)?
2
What is the units digit of 29409/33 - 4 - (-4)/(-22)?
7
Suppose -6 + 10 = -2*l. Let f be l/13 - (-120)/(-65). What is the tens digit of ((-82)/(-4))/((-1)/f)?
4
Let l(u) = -u**2 + 26*u - 60. What is the tens digit of l(11)?
0
Let q(p) = 4*p**3 - 7*p**2 + p + 15. What is the hundreds digit of q(6)?
6
Let q = 1681 - -3162. What is the hundreds digit of q?
8
Suppose u - 20 = -3*u, 5*u - 31 = -3*h. Suppose -h = -17*k + 16*k. Suppose -216 = -6*r + k*r. What is the tens digit of r?
5
Suppose 11*s = 25*s - 5054. What is the hundreds digit of s?
3
Let k(o) = -o**2 + 10*o + 14. Let n be k(12). Let x = 15 + n. Suppose -3*c + 85 = 5*f, 0*c + 35 = 3*c - x*f. What is the tens digit of c?
2
Suppose -117*f - 2772 = -150*f. What is the tens digit of f?
8
Suppose 0 + 20 = -4*v. Let c be 71*v/((-10)/4). Suppose -5*p = -3*q - 121, 5*p + 2*q - c = -2*q. What is the tens digit of p?
2
Suppose -3*g + 535 = -3*b + 2*b, g - 2*b = 175. Suppose 0 = 5*q + 3*r - g, -r - 6 = 2*r. What is the tens digit of q?
3
Suppose 480 = 3*d + 2*d. What is the units digit of 125/2*d/30?
0
Suppose -n + 523 = 2*a - 37, 0 = -3*a - 5*n + 847. What is the hundreds digit of a?
2
Suppose 5*s - 5*f = 665, s + 4*s - 633 = -3*f. Suppose 2*a - 36 = -o + 73, 3*a = o - s. What is the tens digit of o?
1
Let w = 27 + -15. Let t = 10 - w. Let d(c) = -4*c**3 + 3*c**2 - 1. What is the tens digit of d(t)?
4
Let s = -12 - -18. Suppose -4*c = -s + 190. Let o = c + 99. What is the tens digit of o?
5
What is the hundreds digit of (-9)/((-926)/6188 - 1/(-7))?
3
Suppose -284*m + 134295 = -263*m. What is the hundreds digit of m?
3
Let q = 5 + 12. Suppose -79 = -4*b + 3*d, -b - 2*d + q = -0*b. Let m = b + 12. What is the tens digit of m?
3
Suppose -10 = 4*t - 9*t. Let m be (t/2)/((-2)/(-6)). Suppose -m*r + 12 = 4*x, 1 - 3 = -x - r. What is the units digit of x?
6
Suppose 0 = -v + 3*v. Suppose -3*f + 3*l = -30 - 0, v = -2*f - l + 5. Suppose o - 2 = -o, -f*k = -o - 254. What is the tens digit of k?
5
Let k(p) = p**3 + 9*p**2 + 6*p + 12. Let d be k(-6). Suppose -16*b = -17*b + d. What is the units digit of b?
4
Let t(j) = -4*j**2 + 16*j + 33. Let b(y) = y**2 - 5*y - 11. Let q(x) = -11*b(x) - 4*t(x). What is the tens digit of q(5)?
6
Suppose 18*g - 20*g + 12 = 0. Let q(s) = 2*s**2 - 11*s + 7. What is the units digit of q(g)?
3
Suppose -324 = -5*c + 2*q, -5*c + 192 = -2*c - 2*q. Let u = 109 - c. What is the tens digit of u?
4
What is the units digit of (-2384)/(-32) + -3 - 5/(-2)?
4
Let a be 0*(9/(-6) - -2). Suppose t + 3*t - 32 = a. What is the units digit of t/(-6)*3/(-2)?
2
Let r(l) = -5*l + 2*l - 4*l**2 + 3 + 5*l**2. Let k be r(3). Suppose -3*m + 65 = -k*n - 2*n, 5*n - 25 = 0. What is the units digit of m?
0
Let s be 18/5*(1 + 69). Let o = -1617 + 1625. What is the units digit of (o - 2)/(27/s)?
6
Suppose -5*r + 17357 = -2*k, -101*k = 5*r - 96*k - 17385. What is the tens digit of r?
7
Let q(m) = -973*m**3 + 3*m**2 - 1. What is the tens digit of q(-1)?
7
Let i(a) = 19 + 7 + 25 - 13 - 4*a. What is the tens digit of i(-21)?
2
Suppose 8 = -f - 0*f. Let d = -46 - -28. Let i = f - d. What is the units digit of i?
0
Let h be (-564)/14 - (-24)/84. Let p = -102 - -38. Let b = h - p. What is the units digit of b?
4
Let i(h) = 7*h + 40. What is the tens digit of i(18)?
6
Let a = -43 + 15. What is the units digit of 918/14 + (-12)/a?
6
Suppose 2*u - 7*c - 22 = -2*c, -3*c - 36 = -5*u. Let j be (7 - u) + (2 - 1). Suppose 0 = -j*p - 2*p + 116. What is the tens digit of p?
2
Suppose -d - 3*d + 572 = 0. Let b = d + 46. What is the units digit of b/11 - 6/33?
7
Let b(u) = -6*u - 9. Let g be b(-4). Let h be 516/g + (-8)/20. Suppose -6*f + 2*f + 3*q = -136, 0 = -f - 2*q + h. What is the units digit of f?
4
Suppose 7*t - 6*t + 4 = 0. Let v(o) = 4*o**2 + 3. What is the units digit of v(t)?
7
Suppose -2*w + 2*b = -186, 0*w + 2*b - 105 = -w. Let m = 163 - w. What is the units digit of m?
6
Suppose -5*t - 215 = 5*d, -2*t + 3*t + 1 = 0. Let h = d + 61. What is the tens digit of h?
1
Let h = -407 - -991. What is the tens digit of h?
8
Suppose 466 = 6*b - 5*b. What is the tens digit of b?
6
Let r(d) = -d - 10. Let u be r(-9). Let k(l) = 3*l**3 - l. Let v be k(u). What is the units digit of 3 - ((0 - v) + -20)?
1
Let g(x) = 9*x**2 + 13*x - 112. What is the hundreds digit of g(10)?
9
Let z(o) = 2*o**3 + 2*o**2 - 2*o - 1. Let k(n) = n + 2*n + 6 - n - n. Let p be k(-4). What is the units digit of z(p)?
9
What is the tens digit of (-84)/(-56)*(1 - -33)?
5
Suppose 216 = -4*b - 4*b. Wha